= 7*r**2 - 4. Suppose 2*i - 2*j = -0*j + 4, -5*i + 14 = -j. Calculate the remainder when h(i) is divided by q.
29
Let p(x) = -x**3 + x**2 + 2*x - 2. Let y = -43 - -39. Calculate the remainder when p(y) is divided by 24.
22
Calculate the remainder when 34/85 + (-188)/(-5) is divided by 25.
13
Suppose -2*d - 12 = d, -3*d = -5*i + 2187. Let s = i + -233. What is the remainder when s is divided by 29?
28
Suppose 0 = -5*p + 5*b + 30, 2*b = 73*p - 68*p - 30. Calculate the remainder when 11 is divided by p.
5
Let o = 25 - 37. Let k = -40 - -80. Calculate the remainder when 13 is divided by 6/(-5)*k/o.
1
Suppose -252 = -9*t - 3*t. Suppose t*f = 20*f + 28. Calculate the remainder when 164 is divided by f.
24
Let v(x) = -x**2 - 6*x + 5. Suppose -240 = -41*k + 6. What is the remainder when k is divided by v(-6)?
1
What is the remainder when (69918/(-645))/(4/(-10)) is divided by 33?
7
Suppose 6*g = 3*g. Suppose 3*h - 96 - 57 = g. Calculate the remainder when h is divided by 13.
12
Let b(f) = -8*f - 4. Let j be b(-2). Suppose 7*x = 11*x - j. Calculate the remainder when (-3)/(x/(-20)) - -1 is divided by 6.
3
Let i(n) = n**2 - 5*n - 111. What is the remainder when 46 is divided by i(15)?
7
Let c = 0 + 4. Suppose 0*m + 55 = c*m - 5*a, 2*a + 73 = 5*m. Let t = 232 - 228. What is the remainder when m is divided by t?
3
Calculate the remainder when 36 is divided by -15*13/(117/(-6)).
6
Suppose -4*f + 30 = -14. Calculate the remainder when 24 is divided by f.
2
Suppose -76*g = -54*g - 2398. What is the remainder when g is divided by 56?
53
Suppose -o + g - 4*g = -35, 0 = -5*g + 10. Calculate the remainder when 78 is divided by o.
20
Suppose 43*h = 34926 + 64060. What is the remainder when h is divided by 18?
16
Let g(c) = -c**3 - 7*c**2 + 8*c - 7. Let n be g(-8). Let d = 0 - n. Calculate the remainder when 25 is divided by d.
4
Let x = 248 - 210. Calculate the remainder when x is divided by 13.
12
Let v(b) = -b**3 + 12*b**2 - 15*b + 48. Calculate the remainder when v(6) is divided by 11.
9
Let q(w) = -w**3 + 12*w**2 - 12*w + 16. Let u be q(11). Let v(x) = x**2 - 6*x - 4. Let y be v(u). What is the remainder when 46 is divided by (60/45)/((-1)/y)?
10
Let k(o) = 2*o**3 + 63*o**2 + 29*o - 16. Calculate the remainder when 274 is divided by k(-31).
44
Let z(f) = 6*f + 3. What is the remainder when 0 - -24 - (11 + -37) is divided by z(5)?
17
Let c = -621 + 650. What is the remainder when 39 is divided by c?
10
Let a(l) be the third derivative of -l**4/24 - 8*l**2. Let b(w) = -w**3 - 6*w**2 + 6*w + 3. Calculate the remainder when b(-7) is divided by a(-3).
1
Let n(q) = q**3 + 12*q**2 - 70*q - 16. Calculate the remainder when n(-9) is divided by 10.
7
Let o = 32 + -43. Calculate the remainder when ((-77)/(-21))/o - (-76)/3 is divided by 2.
1
Suppose 4*b - p = 187, -4*b - 3*p + 8*p = -167. What is the remainder when 526 is divided by b?
46
Suppose 0 = -4*j - 12, -5*j - 59 - 2 = -2*h. Calculate the remainder when 35 is divided by h.
12
Suppose 13*h - 75 = 10*h. Suppose -145 = -5*d + 2*v + h, -3*v = d - 34. Suppose -2*p = -0*p - 198. What is the remainder when p is divided by d?
31
Let w = -7 - -13. Suppose -w*v - 50 = -11*v. Let g = 61 - 33. What is the remainder when g is divided by v?
8
Let z = -62 + 92. Let i = -41 + 44. What is the remainder when z is divided by ((-7)/i - -2)*-48?
14
Let y be (950/(-30))/((-2)/12). Let w = 337 - y. Suppose 3*j = 513 - w. What is the remainder when j is divided by 31?
29
Let z(g) = 2*g**3 + 18*g**2 - 147*g + 3. What is the remainder when z(6) is divided by 10?
1
Let f be (-6)/(-4 + 5/2). Suppose p - 3*j = 18, 5*p = -2*j + f*j + 25. Calculate the remainder when 7 is divided by p.
1
Calculate the remainder when ((-225)/(-60))/(3/16) is divided by (0 + -20)*6/(-15).
4
Suppose -3*u - 7 = -3*y + 569, -778 = -4*y - u. What is the remainder when 405 is divided by y?
17
Suppose -3*c - 2*x + 51 = 0, 60*x - 56*x = -c + 17. Suppose -6*a + 58 = -4*a. Calculate the remainder when a is divided by c.
12
Suppose -27*m = -32*m + 5. What is the remainder when (-1 + m)/(-5 + 8) - -67 is divided by 18?
13
Let g(t) be the third derivative of -2*t**2 + 0 - 1/20*t**5 + 1/120*t**6 + 0*t - 1/3*t**4 + 2/3*t**3. Calculate the remainder when 39 is divided by g(5).
11
Let k(l) = -5*l. Let t(n) = n**3 - 7*n**2 + 17*n - 5. Calculate the remainder when t(2) is divided by k(-1).
4
Suppose a - 3*h + h = 923, -3*a - 5*h = -2791. Calculate the remainder when a is divided by 19.
15
Let c(i) = -4*i + 37. Let w be c(7). Suppose -w*f = -10*f + 51. What is the remainder when 148 is divided by f?
46
Suppose i = -i + 82. Let h(y) = 10*y**2 - y + 2. What is the remainder when i is divided by h(1)?
8
Suppose 3*l + 5*y = -11, 5*y + 4 = -4*l - 4. Suppose 3*c = 4*b - 33, 0 = -3*b + 3*c + 24 + l. Suppose j = -1 + b. What is the remainder when 19 is divided by j?
4
Calculate the remainder when 56 is divided by (-2)/(-3)*3069/62.
23
Calculate the remainder when 75 is divided by (11/(-44))/((-1)/52).
10
Suppose -2*f + 176 = 4*o, -f = -5*o + 36 - 124. Let w = f - 69. What is the remainder when 31 is divided by w?
12
Suppose -4*q + 161 = c, -14*q - 34 = -15*q + c. What is the remainder when 93 is divided by q?
15
What is the remainder when -2*(1 + 39/(-2)) is divided by 96/(-112)*(1 + (-52)/3)?
9
Let v = 13 - 13. Suppose -4*y - 5*t - 15 = -v, 0 = 3*t + 9. Suppose 0 = -y*d - 5*d + 240. Calculate the remainder when d is divided by 17.
14
Let l = 1078 + -873. Calculate the remainder when l is divided by 43.
33
Let k(c) = c**2 - 3*c - 5. Suppose -4*y = -j - 32, 2*y = -3*y - 3*j + 23. Let z be k(y). Let x = z + -7. Calculate the remainder when 62 is divided by x.
14
Let v = -8 + 11. Suppose -v*n - 3*y + 9 = 0, 0 = n + y + 3*y - 3. Suppose 2*p - 60 = -n*p. What is the remainder when 45 is divided by p?
9
Suppose -138 = -s - 7. Suppose -4*y + s = -145. Let i(t) = t**3 - 7*t**2 + 4*t - 10. What is the remainder when y is divided by i(7)?
15
Let r be 1/((-2)/12*(-33)/22). Suppose 6*d = r*d + 62. Calculate the remainder when d is divided by 8.
7
Let t(g) = 5*g**2 - 8*g - 2. Let a(l) = -14*l**2 + 25*l + 7. Let o(f) = -6*a(f) - 17*t(f). Calculate the remainder when 19 is divided by o(-12).
3
Let t(p) = -1 - 11*p + p**2 + 17*p + 0. Calculate the remainder when t(-10) is divided by 14.
11
Let i = -105 - -114. Suppose -3*x + i*x - 570 = 0. Calculate the remainder when x is divided by 32.
31
Suppose 3*l + o = -o + 12, 3 = 2*l + 3*o. Let c be (-420)/8 + 9/l. Calculate the remainder when 1/2 + c/(-6) is divided by 3.
0
Let k = -13 - -18. Suppose -k*b = 22 - 57. What is the remainder when 11 is divided by b?
4
Suppose 0 = 5*y - 4*q + 29 + 95, -3*y = -4*q + 76. Let a = y - -14. What is the remainder when 26 is divided by (-5)/(2 - a/(-4))?
6
Let b = 5 + -4. Suppose -4*f - b = q - 24, -4*q + 47 = f. Let j = 367 - 346. Calculate the remainder when j is divided by q.
10
Suppose -258*g = -251*g - 553. Calculate the remainder when 227 is divided by g.
69
Let c be (-8)/(-3)*9/4. Suppose -c*d + 9*d - 129 = 0. Suppose -12 = -4*o + 32. What is the remainder when d is divided by o?
10
Suppose -6*w + 3*w + g + 30 = 0, 0 = 5*w + 2*g - 39. Suppose -6*z = -2*z - 68. Calculate the remainder when z is divided by w.
8
Let z be -3*(-1 + 2 + -2). Suppose 0*o - 2*o = 3*v + 133, -z*v + 5*o = 119. What is the remainder when (v/4)/(6/(-24)) is divided by 15?
13
Let f(l) = 13 + 8 + l - 10. Let v be f(-6). Suppose v*b + 195 = 3*g + 57, -3 = -b. Calculate the remainder when g is divided by 18.
15
Suppose 2*y + 37 = 3*y + 4*o, y = -3*o + 32. Calculate the remainder when 31 is divided by y.
14
Let v(n) = -n**3 - 3*n**2 + n + 8. Suppose 5*d = -0*d + 65. Let s = 9 - d. Calculate the remainder when v(s) is divided by 11.
9
Suppose -4*r - 5*u = -24 - 14, 2*r - u = 26. Let n(k) = -19 + 6*k**2 + 2*k - k**3 + 6 + 2*k**3 + r. Calculate the remainder when 55 is divided by n(-5).
13
Suppose 3*h - y = 9, -7*y + 3*y = 4*h + 4. Suppose 0 = z + 2*z + h*j - 210, -j + 357 = 5*z. Calculate the remainder when z is divided by 38.
34
Let s(y) = -3*y**3 - y + 5. Let c be s(-3). Let p = c - 82. What is the remainder when 61 is divided by p?
5
Let x be ((-15)/6)/((-1)/2). Suppose 4*f + x - 61 = 0. What is the remainder when f is divided by (6 - 4)*2/1?
